t is 10 + 1011111100000001001?
1011111100000001011
In base 15, what is 2 - -40ca7?
40ca9
In base 12, what is -16143 - 0?
-16143
In base 12, what is a7 + 288?
373
In base 5, what is 12 - 1443223?
-1443211
In base 2, what is -10110111110011101100 + -11?
-10110111110011101111
In base 8, what is 1 + -60421?
-60420
In base 4, what is 33113 - 32320?
133
In base 2, what is -11000100 - 1010011010?
-1101011110
In base 13, what is 5 - -444901?
444906
In base 6, what is 54 + 1050?
1144
In base 7, what is -1016 + 151?
-535
In base 14, what is 726 + 17?
73d
In base 7, what is 1132 + 121?
1253
In base 3, what is 1020011 - 100111?
212200
In base 6, what is 5 + -22441022?
-22441013
In base 3, what is -11011 - 10210111?
-10221122
In base 15, what is 79 + -2d1?
-257
In base 5, what is -43 + 2241?
2143
In base 4, what is -2313301 - 210?
-2320111
In base 12, what is -10 - -2424?
2414
In base 10, what is 2937 + -13?
2924
In base 7, what is 10436 - -156?
10625
In base 6, what is 50 - 42310?
-42220
In base 4, what is 20030 + -2123?
11301
In base 11, what is -19344 - 1?
-19345
In base 8, what is -5 - -432523?
432516
In base 13, what is 380c34 + 0?
380c34
In base 11, what is 3 + 411a1?
411a4
In base 4, what is 2 + -2020033311?
-2020033303
In base 2, what is -101001001010 + -101000100?
-101110001110
In base 14, what is b48a5 + 2?
b48a7
In base 2, what is -100 + 10110000011100111?
10110000011100011
In base 15, what is 58b + -66?
525
In base 5, what is 2 - 320024?
-320022
In base 7, what is 6 - 14663?
-14654
In base 7, what is -122605 + 5?
-122600
In base 16, what is -6d + 10cb?
105e
In base 12, what is -1b9 - -24?
-195
In base 14, what is -3b4 - 7d?
-453
In base 4, what is 12 + -1030001?
-1023323
In base 8, what is 3 - -162254?
162257
In base 4, what is 12 - -3303012?
3303030
In base 12, what is -111a4 + -6?
-111aa
In base 2, what is -100110101101 - -10101001?
-100100000100
In base 12, what is 31819 + -8?
31811
In base 2, what is 10111001101100 - -1100?
10111001111000
In base 11, what is -6212 + 5?
-6208
In base 13, what is -21593 - -3?
-21590
In base 12, what is -abb3b + -4?
-abb43
In base 13, what is -2 + -a47a3?
-a47a5
In base 11, what is 943 - 284?
66a
In base 13, what is 10c6ac - -4?
10c6b3
In base 3, what is -2211022 + -100?
-2211122
In base 10, what is 2 + -102107?
-102105
In base 5, what is 140314100 - 3?
140314042
In base 6, what is 15403514 - 0?
15403514
In base 2, what is -10 - 101100110110?
-101100111000
In base 13, what is -4 + -2c714?
-2c718
In base 14, what is 1cb + -245a?
-226d
In base 9, what is -227 + -317?
-545
In base 6, what is -22 - 1043435?
-1043501
In base 13, what is 9a - -23aa?
2477
In base 11, what is -97 - 2181?
-2268
In base 5, what is 14 + -33323?
-33304
In base 2, what is -11111111110 - -10101001?
-11101010101
In base 3, what is 21102 - -11110022?
11201201
In base 9, what is -303 + 57?
-235
In base 8, what is -17016 - -6?
-17010
In base 8, what is 1653651 + -5?
1653644
In base 12, what is 25 + 5044?
5069
In base 7, what is -2325 - 10151?
-12506
In base 2, what is 111010010100 + 110?
111010011010
In base 16, what is 1 - -77d0?
77d1
In base 4, what is -301222 - 130200?
-1032022
In base 12, what is -508 - 96?
-5a2
In base 12, what is -2 - 1209?
-120b
In base 14, what is -125 + 2d1b?
2bd6
In base 10, what is -494195 - 2?
-494197
In base 12, what is 134bb2 - 5?
134ba9
In base 13, what is 0 - a833?
-a833
In base 11, what is 584257 + 3?
58425a
In base 8, what is -4450044 + -3?
-4450047
In base 6, what is 3 + -3431552?
-3431545
In base 4, what is -10 - -2003123?
2003113
In base 7, what is -5 + 34630?
34622
In base 6, what is 1302504 - 5?
1302455
In base 16, what is 1e - 1d?
1
In base 4, what is 222 + -212103?
-211221
In base 12, what is 85b09 + -9?
85b00
In base 15, what is 8 + -16171?
-16168
In base 8, what is 5 - -1025630?
1025635
In base 5, what is -24034 + 404?
-23130
In base 16, what is -b62 - 95?
-bf7
In base 12, what is -906 + 5?
-901
In base 6, what is -20 + 203355?
203335
In base 6, what is -1150 - 230?
-1420
In base 10, what is -412 + -108?
-520
In base 6, what is -12 - -30310?
30254
In base 3, what is 10202010 + -102?
10201201
In base 5, what is 2400 + -4341?
-1441
In base 8, what is 42 + -2355?
-2313
In base 5, what is 4 + 301322?
301331
In base 3, what is -220 + 211022001?
211021011
In base 10, what is 1 - -18927?
18928
In base 3, what is 1 + -211021002?
-211021001
In base 8, what is -313 + 117?
-174
In base 9, what is 0 - -1834351?
1834351
In base 14, what is 5 - -233d6?
233db
In base 11, what is -28 + 359?
331
In base 6, what is 5541011 - 5?
5541002
In base 15, what is -3 - 3251?
-3254
In base 13, what is -263 - -33?
-230
In base 3, what is 111000011 + 22?
111000110
In base 7, what is -11560 + 615?
-10642
In base 10, what is -1752 - -1657?
-95
In base 10, what is 7 + 838?
845
In base 4, what is -3 + 1302022?
1302013
In base 4, what is 1 - -2211012220?
2211012221
In base 3, what is -22002212220200 - -1?
-22002212220122
In base 12, what is 13ab80 + -1?
13ab7b
In base 16, what is -1265 + -75?
-12da
In base 6, what is 4 - -32512?
32520
In base 8, what is -236577 - -5?
-236572
In base 12, what is 7413 + 17?
742a
In base 9, what is -81455 - 8?
-81464
In base 3, what is -11200200 + -110?
-11201010
In base 10, what is -668 - 77?
-745
In base 5, what is -4 - 2301433?
-2301442
In base 13, what is 3 + -3a2a?
-3a27
In base 16, what is 2 - -d0492?
d0494
In base 12, what is -12278 - -5?
-12273
In base 7, what is -11 + 2160500?
2160456
In base 7, what is -65461 + 5?
-65453
In base 13, what is -5 + 7b42?
7b3a
In base 5, what is 4 - -30114303?
30114312
In base 9, what is 5 + -305084?
-305078
In base 16, what is -6ed - f?
-6fc
In base 6, what is 2320 + 1324?
4044
In base 16, what is -2 - -36c3?
36c1
In base 4, what is -1321 + -123220?
-131201
In base 9, what is 37337 - -260?
37607
In base 6, what is 30 + 2325?
2355
In base 14, what is b + 154ab?
154b8
In base 4, what is -10 - -1321031333?
1321031323
In base 8, what is -5 + -745303?
-745310
In base 6, what is 5141443 - 2?
5141441
In base 12, what is 6a9 + a?
6b7
In base 10, what is 867 + -118?
749
In base 12, what is 2 - -653?
655
In base 12, what is 365b46 - -4?
365b4a
In base 12, what is -4 + -2a96?
-2a9a
In base 10, what is 639 - 6361?
-5722
In base 16, what is -5a70 - c?
-5a7c
In base 12, what is 1 + 208020?
208021
In base 6, what is 55420 - -1?
55421
In base 8, what is 10305 - 13?
10272
In base 4, what is -113201202 - 3?
-113201211
In base 7, what is 20200221 + 4?
20200225
In base 16, what is -3 - -11fd5d?
11fd5a
In base 16, what is aabe - 1?
aabd
In base 2, what is 110110010101101 - -1010?
110110010110111
In base 8, what is -2506 - 105?
-2613
In base 15, what is -76562 - -3?
-7655e
In base 15, what is -4 + -2593?
-2597
In base 11, what is -11 - 2480?
-2491
In base 12, what is -1 - 4035?
-4036
In base 14, what is -14457 - -3?
-14454
In base 15, what is 17c + -de3?
-c66
In base 8, what is 15 - 157325?
-157310
In base 14, what is -2904 + 35?
-28ad
In base 6, what is 1 + -21140024?
-21140023
In base 7, what is 10 + -2104464?
-2104454
In base 13, what is -11 + -b09?
-b1a
In base 7, what is -56631 + -36?
-60000
In base 2, what is 10110 + 10001011011?
10001110001
In base 3, what is 20210 - 120220?
-100010
In base 8, what is -6124 + -422?
-6546
In base 4, what is -311 + -30202113?
-30203030
In base 5, what is 0 + 44442434?
44442434
In base 9, what is 27055 - -2?
27057
In base 6, what is 4001 + -301?
3300
In base 13, what is -79 - -37a6?
372a
In base 6, what is 122 + -4051?
-3525
In base 16, what is 4 - f9?
-f5
In base 11, what is 937 - 17?
920
In base 7, what is 1 + 135403?
135404
In base 3, what is -200 - 11210200012?
-11210200212
In base 9, what is -817287 - -4?
-817283
In base 6, what is -52 + 1342?
1250
In base 5, what is -2134 - 423?
-3112
In base 16, what is 4 + -20f3d?
-20f39
In base 16, what is -5 - 1079?
-107e
In base 2, what is 0 + 100111110011111101?
100111110011111101
In base 10, what is -34 - -6452?
6418
In base 6, what is -10 + 3020015?
3020005
In base 6, what is -2154353 - -35?
-2154314
In base 15, what is -307 - -72?
-285
In base 8, what is 63136 - -220?
63356
In base 16, what is a9 - -1d2?
27b
In base 8, what is 64672 + 3?
64675
In base 14, what is -12b + 1b1?
84
In base 14, what i